 + 89. What is the units digit of j?
8
Let p(x) = x + 9. Let v be p(-9). Suppose -4 + v = -y. Suppose y*n + 14 = 2*l, -5*l + l + 5*n = -31. What is the units digit of l?
9
Let f(k) = -k**3 + 6*k**2 + 9*k - 13. What is the units digit of f(7)?
1
What is the tens digit of 16/(-16) + -1*2 + 14?
1
Suppose 2*b - 408 = -2*m, -3 = m + 3*b - 215. Suppose -7*o + m = -2*o. Suppose 49 = 4*r + z, o = -0*r + 5*r - 3*z. What is the tens digit of r?
1
Let p(s) = s**3 + s**2 - 3*s - 2. Let g(i) = i**2 + 3*i + 3. Let f be g(-3). Let n be p(f). Suppose -3*b + 2 + n = 0. What is the units digit of b?
9
Suppose -p - a + 27 = 0, -p + a + 4 = -33. Let d be 1 - (-3)/((-6)/(-8)). Suppose -p = -d*j + j. What is the units digit of j?
8
Suppose -6*t = -3*t + 5*v + 37, -t = 2*v + 14. What is the units digit of (-110)/(-8) + (-1)/t?
4
Suppose 5*l = w + 4 - 16, -4*w = 2*l - 48. Suppose s - 5*x = w, 4*x = 3*s + x - 48. What is the units digit of s?
7
Let h be 1 - (-16)/(1*2). Let z(g) = -g**3 + 7*g**2 + 7*g + 3. Let y be z(8). Let i = y + h. What is the units digit of i?
4
Suppose -4*a + 4 = 3*t - 6*t, 2*a = -2*t + 16. What is the tens digit of 1/(-2) - (-78)/a?
1
Let y(s) = 10*s**2 + s - 24. What is the units digit of y(6)?
2
What is the tens digit of (-3)/12*-190*(-2)/(-1)?
9
Let f(u) = u**3 - 6*u**2 + 6*u + 3. Let v be f(5). Suppose -3*s = -5*s - v. Let g(d) = d**2 + 3*d - 1. What is the units digit of g(s)?
3
Let f(o) = -o - 3. Let s be f(-3). Suppose s = -4*t + 5*t - 2. What is the units digit of t?
2
Let d(c) = 5*c - 2. Let h be d(2). Let i(f) be the third derivative of -f**4/24 + 3*f**3/2 + 2*f**2. What is the units digit of i(h)?
1
Suppose i + 233 = a + 2*a, -5*i = -5*a + 395. What is the units digit of a?
7
Let o be (-2)/(-7) - (-4438)/(-98). Let x = 65 + o. What is the tens digit of x?
2
Suppose 4*u - 10 = q - 3*q, -3*q = -u - 15. Suppose -q*x = 25, 11*a - 6*a = 4*x + 55. What is the units digit of a?
7
Let d = -5 - -2. What is the units digit of 6*(-1 - d) - 3?
9
Let v = 11 - 9. What is the units digit of 22/3*3/v?
1
Suppose -2*a + 4*a - 6 = 0. Suppose -a*r - 2*h = -7*r + 6, 11 = 4*r + 3*h. Suppose -1 = -v + r. What is the units digit of v?
3
Let c(r) = -r**3 + 6*r**2 + 4*r - 9. What is the units digit of c(6)?
5
Let r = 66 + -34. What is the units digit of r?
2
Suppose v = -5*x + 83, -v + 420 = 3*v - 2*x. What is the hundreds digit of v?
1
Suppose -5 = 5*s - 2*b, s + b = 5*s + 7. Let k = s + 5. Suppose 0 = -x - 0 + k. What is the units digit of x?
2
Suppose -3*s = -9 + 30. Let q = 35 + s. Let r = q + -17. What is the tens digit of r?
1
What is the units digit of (84/20*-1)/(2/(-10))?
1
Suppose -3*r + 4*z = -23, 0*z - 16 = -r + 3*z. Let c(m) = m - 1. Let x be c(r). Suppose -3*k + 42 + x = 0. What is the tens digit of k?
1
Suppose 0 = 7*f - 1238 - 624. What is the units digit of f?
6
Let t(y) = 3*y - 13. Let x be t(6). Suppose -x*s + 32 + 218 = -4*j, 3*s - 5*j = 163. What is the units digit of s?
6
Let l = 0 - -2. Let d = 1 - l. What is the units digit of 6*(3/(-9) - d)?
4
Let n(t) = -t + 6. Suppose -3*b = -4*b, -5*p = 2*b + 35. Let j be n(p). Let y = -9 + j. What is the units digit of y?
4
Suppose 0 = -5*k + 225 - 40. What is the units digit of k?
7
Let c(m) = -m**2. Let f(t) = -3*t**2 - 8*t + 6. Let d(i) = 4*c(i) - f(i). What is the units digit of d(7)?
1
Suppose -2*w = -3*p + 105, -w + 163 = 4*p + 4*w. What is the tens digit of p?
3
Let l = 44 + -31. What is the units digit of l?
3
Suppose 2*f = -5*u + 88, 5*u - 58 = 2*u + 4*f. Let o be (-1 + 0)*(1 - -2). Let h = u + o. What is the tens digit of h?
1
Let j = 8 - 12. Let z(p) = p**3 + 5*p**2 + 2. What is the units digit of z(j)?
8
Let y(w) = w. Let n be y(3). Let u = 13 - n. What is the units digit of u?
0
Suppose -121 = -3*q - 4*o, -2*q + 3*o + 13 = -45. Let j = -17 + q. What is the tens digit of j?
1
Let l = 249 + -143. What is the units digit of l?
6
Suppose 5*w = -0*w + 2*j + 363, -j - 72 = -w. What is the tens digit of w?
7
Let q = 3 + -3. Suppose q = -4*t - d + 2, -d = -3*t - 0*d + 5. What is the units digit of t?
1
Let u(k) = -2*k + 16. Let w be u(7). Suppose 0 = 5*r + m - 5 + 4, -5*r = -4*m - 21. Suppose -w*x + r = -x. What is the units digit of x?
1
Let j(p) = -p - 2. Let v be 1 + 0 + 0 + 5. Suppose 2*q = -0*b + b + 13, -2*b = q + v. What is the units digit of j(b)?
3
Suppose z + 0*z - 10 = 0. Suppose 2*y = -y + 48. Let p = y - z. What is the units digit of p?
6
Let t(s) = -s**3 + 5*s**2 + 16*s - 9. Let f be t(7). Suppose 2*c - 2*o = 18, 0 = c - o - 2*o - 19. Suppose -d + f = -c. What is the units digit of d?
9
What is the units digit of -5*(128/(-20) + 1)?
7
Let l = -2 + 2. Suppose 2*o + 2*i + 10 = -l*i, -3*i - 5 = -2*o. Let p = 3 - o. What is the units digit of p?
5
Suppose -7 = -w - 5. What is the units digit of w?
2
Suppose 5*w + 4*c - 282 - 346 = 0, -259 = -2*w + c. What is the tens digit of w?
2
Let k(z) = 35*z**3 - z**2 - z + 1. Let m = 15 + -14. What is the units digit of k(m)?
4
Let z(d) = d**3 - 3*d**2 - 3*d - 3. Let t be z(4). What is the units digit of 2*(t + 3 + -2)?
4
Let w(v) = v**3 + 5*v**2 + 3*v - 1. Let q(p) = -p**2 + 1. Let d be q(2). What is the units digit of w(d)?
8
Let z(b) = -b**2 + b + 25. Let w be z(0). Let s = 20 - 35. Let l = s + w. What is the tens digit of l?
1
Suppose 2*g + 12 = 5*g. Suppose 0 = g*d - 7 - 1. Suppose -d*a + 45 = 3*a. What is the units digit of a?
9
Suppose 0 = -2*l + l + 7. Suppose -2*u = -l*u + 10. Let k = 4 + u. What is the units digit of k?
6
Let d(y) = y**3 - y**2 + 13*y - 8. What is the hundreds digit of d(5)?
1
Suppose -2*j - 2*j = 3*w - 164, -4*w - 4*j + 216 = 0. Suppose 0 = 5*r - 7*r + w. What is the tens digit of r?
2
Let v = 101 - -140. What is the units digit of v?
1
Suppose 5*x - 87 = 68. What is the tens digit of x?
3
Let q = 63 + -43. What is the units digit of q?
0
Let z = 8 + -6. Let n be (12/(-5))/(z/(-10)). What is the tens digit of n + 2/(-4)*-6?
1
Suppose -w - 5*a = -37, -5*a + 71 = -0*w + 3*w. What is the units digit of w?
7
Suppose -s + 2 = 2*q, q - 6*q + 2*s + 5 = 0. Let p(f) = 10*f + 1. What is the units digit of p(q)?
1
Suppose 2*t - 12 = -2*t. Suppose 1 = o + 2*l, 0 = -4*o + o + 3*l + t. What is the units digit of (o - 0) + 11 - -1?
3
Let p(m) = m**2 - 7*m - 6. Let x(c) = -2*c. Let t(u) = 7*u. Let f(b) = -2*t(b) - 9*x(b). Let l be f(2). What is the units digit of p(l)?
2
Let o(x) = -x - 1. Let z be o(4). Let i be 2/(-3)*-5*6. What is the units digit of (7/(-4))/(z/i)?
7
Suppose o - 6*o = 4*m - 621, -9 = 3*o. What is the units digit of m?
9
Let f be (-8)/2 + 8 + -1. Suppose 4*r = r - 3*j + 123, 0 = -f*j - 3. What is the units digit of r?
2
Let p = 2 + 12. Let u = p + -9. What is the units digit of u?
5
Let t(b) = -29*b + 66. What is the tens digit of t(-6)?
4
Let h(t) = t**2 + 59. What is the tens digit of h(0)?
5
Let w(g) = g**3 + 2*g**2 - 1. Let i be w(-1). Let p = 0 + i. Suppose 4*k - 5*m - 22 = p, 0*k - 21 = -5*k + 3*m. What is the units digit of k?
3
Let w(k) = k**2 - 9*k + 9. Let d be 10/(-45) + (-148)/(-18). What is the units digit of w(d)?
1
Suppose -2*a + 104 = -4*d + 438, 5*d + 2*a = 395. What is the tens digit of d?
8
Let a(v) be the first derivative of -v**4/12 - v**3/6 - v**2 + 2. Let n(d) be the second derivative of a(d). What is the units digit of n(-2)?
3
Let s = -15 - -4. Let h = s - -25. What is the tens digit of h?
1
Let n(z) = 98*z**3 + z**2 - 4*z + 2. What is the units digit of n(1)?
7
Let g(i) = -i**2 + 2*i - 5. Let t(k) = -k - k**2 + 2*k**2 + k**2 - 3*k + 10. Let f(u) = 5*g(u) + 3*t(u). What is the units digit of f(4)?
3
Let o = -8 - -8. Suppose 2*q + 25 = n, -5*n + o*q - 2*q = -89. What is the tens digit of n?
1
What is the hundreds digit of -2 + 664/3 - (-9)/(-27)?
2
Let l = 21 - -34. What is the units digit of l?
5
Let g(l) be the first derivative of -4/3*l**3 + l**2 - l - 3 - 1/4*l**4. What is the units digit of g(-5)?
4
Let k = -240 - -359. What is the units digit of k?
9
Let a(k) = 2*k - 2. Suppose 4 = 3*w - 2*w. What is the units digit of a(w)?
6
Let a(f) = 1 + 0*f**2 + 0*f**2 - 3*f**2 + 3. Let r be a(-4). Let p = -30 - r. What is the units digit of p?
4
Suppose 4*v = -1 + 13. Suppose u + 0 = v. What is the units digit of u?
3
Let w(i) = i**3 + 3*i**2 - 5*i. Let t(z) = -z - 17. Let m be t(-13). Let